{"id":2,"date":"2016-05-10T03:48:21","date_gmt":"2016-05-10T03:48:21","guid":{"rendered":"http:\/\/wanzel.eu\/?page_id=2"},"modified":"2023-07-06T07:57:37","modified_gmt":"2023-07-06T07:57:37","slug":"sample-page","status":"publish","type":"page","link":"https:\/\/wanzel.eu\/","title":{"rendered":"wir"},"content":{"rendered":"<h3>Wir sind eine auf Finanzierungen spezialisierte Beratungsgesellschaft.<\/h3>\n<p>Die Finanzierungsoptionen sind vielf\u00e4ltiger geworden, die Instrumente zahlreicher und Finanzierungspartner anspruchsvoller.<\/p>\n<p>Als\u00a0erfahrene\u00a0Experten\u00a0mit Fokus auf Corporate und Structured Finance begleiten wir Prozesse und Projekte\u00a0der ganzheitlichen Unternehmensfinanzierung. Hier kann einerseits\u00a0die Strukturierung und\u00a0Zuf\u00fchrung von frischem\u00a0Eigen- oder Fremdkapital Schwerpunkt sein, oder andererseits die Optimierung der bestehenden Finanzierungsbausteine. Immer\u00a0im Einklang mit der Unternehmensstrategie und den damit verbundenen Optionen.<\/p>\n<p>In Zeiten zunehmender Komplexit\u00e4t, erh\u00f6hter\u00a0Geschwindigkeit\u00a0und begrenzter Ressourcen ist eine breit aufgestellte Finanzierungsarchitektur notwendig, um Wachstumspotenzial zu heben und aus einer starken Position heraus im Wettbewerb zu agieren. Unser komplettes Angebot ist daher auf Wertsch\u00f6pfung und z\u00fcgige Realisierung ausgerichtet. Wir unterst\u00fctzen Sie dabei, Ihre Herausforderungen individuell und effektiv in Angriff zu nehmen, umfassende L\u00f6sungsstrategien zu entwickeln sowie neue Wachstumsperspektiven zu identifizieren und Ihre Ziele erfolgreich umzusetzen.<\/p>\n<p>Unter dem Motto creating uniqueness. together. sind wir kompetenter Sparringspartner. Wir begleiten Unternehmen in allen Entwicklungsphasen und helfen ihnen, in einem komplexer gewordenen Umfeld erfolgreicher zu sein.<\/p>\n<p>Wir laden Sie ein, sich auf den nachfolgenden Seiten\u00a0einen \u00dcberblick zu verschaffen wer wir sind,\u00a0was wir tun, wie wir denken \u2013 und wie Sie davon\u00a0profitieren k\u00f6nnen.\u00a0Angefangen bei Start-Ups \u00fcber Family Offices bis hin zum etablierten b\u00f6rsennotierten Mittelst\u00e4ndler durften wir als Dienstleister in den letzten Jahren Eigen- und Fremdkapital-Transaktionen von mehreren hundert Millionen Euro erfolgreich begleiten.<\/p>\n<p>Die Welt der Finanzierungsm\u00f6glichkeiten ist vielf\u00e4ltig und die Instrumente zahlreicher geworden. Um den anspruchsvollen Anforderungen der Finanzierungspartner gerecht zu werden, stehen wir Ihnen als erfahrene Experten im Bereich Corporate und Structured Finance zur Seite. Unser Fokus liegt auf der Begleitung von Prozessen und Projekten im Rahmen der ganzheitlichen Unternehmensfinanzierung. Dabei legen wir entweder den Schwerpunkt auf die Strukturierung und Beschaffung von Eigen- oder Fremdkapital oder auf die Optimierung bestehender Finanzierungsbausteine. Immer in \u00dcbereinstimmung mit Ihrer Unternehmensstrategie und den damit verbundenen Optionen.<\/p>\n<p>In einer Zeit, die von zunehmender Komplexit\u00e4t, erh\u00f6hter Geschwindigkeit und begrenzten Ressourcen gepr\u00e4gt ist, ist eine solide Finanzierungsarchitektur von entscheidender Bedeutung, um Ihr Wachstumspotenzial zu erschlie\u00dfen und aus einer starken Position heraus im Wettbewerb zu agieren. Unser gesamtes Leistungsangebot ist darauf ausgerichtet, Wertsch\u00f6pfung zu schaffen und eine z\u00fcgige Realisierung zu erm\u00f6glichen. Wir unterst\u00fctzen Sie dabei, Ihre individuellen Herausforderungen effektiv anzugehen, umfassende L\u00f6sungsstrategien zu entwickeln, neue Wachstumsperspektiven zu identifizieren und Ihre Ziele erfolgreich umzusetzen.<\/p>\n<p>Unter dem Motto &#8222;creating uniqueness. together.&#8220; sind wir Ihr kompetenter Sparringspartner. Wir begleiten Unternehmen in allen Entwicklungsphasen und helfen ihnen, in einem zunehmend komplexen Umfeld erfolgreich zu sein.<\/p>\n<p>Wir laden Sie herzlich ein, auf den folgenden Seiten einen umfassenden \u00dcberblick dar\u00fcber zu erhalten, wer wir sind, was wir tun und wie Sie davon profitieren k\u00f6nnen. Unsere Dienstleistungen wurden bereits von einer Vielzahl von Unternehmen in Anspruch genommen, angefangen bei Start-Ups und Family Offices bis hin zu etablierten b\u00f6rsennotierten Mittelst\u00e4ndlern. In den letzten Jahren haben wir erfolgreich Eigen- und Fremdkapitaltransaktionen im Wert von mehreren hundert Millionen Euro begleitet.<\/p>\n<p>Z\u00f6gern Sie nicht, Kontakt mit uns aufzunehmen, um mehr \u00fcber unsere Dienstleistungen zu erfahren und wie wir Ihnen bei Ihren Finanzierungsbed\u00fcrfnissen helfen k\u00f6nnen.<\/p>\n","protected":false},"excerpt":{"rendered":"<p>Wir sind eine auf Finanzierungen spezialisierte Beratungsgesellschaft. Die Finanzierungsoptionen sind vielf\u00e4ltiger geworden, die Instrumente zahlreicher und Finanzierungspartner anspruchsvoller. Als\u00a0erfahrene\u00a0Experten\u00a0mit Fokus auf Corporate und Structured Finance begleiten wir Prozesse und Projekte\u00a0der ganzheitlichen Unternehmensfinanzierung. Hier kann einerseits\u00a0die Strukturierung und\u00a0Zuf\u00fchrung von frischem\u00a0Eigen- oder<\/p>\n","protected":false},"author":1,"featured_media":53,"parent":0,"menu_order":1,"comment_status":"closed","ping_status":"open","template":"","meta":{"footnotes":""},"class_list":["post-2","page","type-page","status-publish","has-post-thumbnail","hentry"],"_links":{"self":[{"href":"https:\/\/wanzel.eu\/index.php?rest_route=\/wp\/v2\/pages\/2","targetHints":{"allow":["GET"]}}],"collection":[{"href":"https:\/\/wanzel.eu\/index.php?rest_route=\/wp\/v2\/pages"}],"about":[{"href":"https:\/\/wanzel.eu\/index.php?rest_route=\/wp\/v2\/types\/page"}],"author":[{"embeddable":true,"href":"https:\/\/wanzel.eu\/index.php?rest_route=\/wp\/v2\/users\/1"}],"replies":[{"embeddable":true,"href":"https:\/\/wanzel.eu\/index.php?rest_route=%2Fwp%2Fv2%2Fcomments&post=2"}],"version-history":[{"count":6,"href":"https:\/\/wanzel.eu\/index.php?rest_route=\/wp\/v2\/pages\/2\/revisions"}],"predecessor-version":[{"id":169,"href":"https:\/\/wanzel.eu\/index.php?rest_route=\/wp\/v2\/pages\/2\/revisions\/169"}],"wp:featuredmedia":[{"embeddable":true,"href":"https:\/\/wanzel.eu\/index.php?rest_route=\/wp\/v2\/media\/53"}],"wp:attachment":[{"href":"https:\/\/wanzel.eu\/index.php?rest_route=%2Fwp%2Fv2%2Fmedia&parent=2"}],"curies":[{"name":"wp","href":"https:\/\/api.w.org\/{rel}","templated":true}]}}