{"id":111,"date":"2018-05-23T11:50:08","date_gmt":"2018-05-23T11:50:08","guid":{"rendered":"http:\/\/wanzel.eu\/?page_id=111"},"modified":"2023-01-18T15:00:01","modified_gmt":"2023-01-18T15:00:01","slug":"kontakt","status":"publish","type":"page","link":"https:\/\/wanzel.eu\/?page_id=111","title":{"rendered":"kontakt"},"content":{"rendered":"<h3>Wir freuen uns \u00fcber Ihre Kontaktaufnahme.<\/h3>\n<p>Sie w\u00fcnschen Informationen oder m\u00f6chten uns eine Nachricht zukommen lassen?<\/p>\n<p>Wenn Sie uns eine E-Mail schreiben m\u00f6chten: info(at)wanzel.eu<\/p>\n<p>Telefonisch erreichen Sie uns unter: +49 179 2201742<\/p>\n<p>Bitte beachten Sie die Hinweise zum\u00a0<a href=\"https:\/\/wanzel.eu\/?page_id=38\">Datenschutz<\/a><\/p>\n<p><strong>Postanschrift:<\/strong><\/p>\n<p>Wanzel Gesellschaft f\u00fcr Coaching und Consulting mbH<\/p>\n<p>M\u00f6rgelenstrasse 10<\/p>\n<p>D &#8211; 70329 Stuttgart<\/p>\n","protected":false},"excerpt":{"rendered":"<p>Wir freuen uns \u00fcber Ihre Kontaktaufnahme. Sie w\u00fcnschen Informationen oder m\u00f6chten uns eine Nachricht zukommen lassen? Wenn Sie uns eine E-Mail schreiben m\u00f6chten: info(at)wanzel.eu Telefonisch erreichen Sie uns unter: +49 179 2201742 Bitte beachten Sie die Hinweise zum\u00a0Datenschutz Postanschrift: Wanzel<\/p>\n","protected":false},"author":1,"featured_media":0,"parent":0,"menu_order":8,"comment_status":"closed","ping_status":"closed","template":"","meta":{"footnotes":""},"class_list":["post-111","page","type-page","status-publish","hentry"],"_links":{"self":[{"href":"https:\/\/wanzel.eu\/index.php?rest_route=\/wp\/v2\/pages\/111","targetHints":{"allow":["GET"]}}],"collection":[{"href":"https:\/\/wanzel.eu\/index.php?rest_route=\/wp\/v2\/pages"}],"about":[{"href":"https:\/\/wanzel.eu\/index.php?rest_route=\/wp\/v2\/types\/page"}],"author":[{"embeddable":true,"href":"https:\/\/wanzel.eu\/index.php?rest_route=\/wp\/v2\/users\/1"}],"replies":[{"embeddable":true,"href":"https:\/\/wanzel.eu\/index.php?rest_route=%2Fwp%2Fv2%2Fcomments&post=111"}],"version-history":[{"count":9,"href":"https:\/\/wanzel.eu\/index.php?rest_route=\/wp\/v2\/pages\/111\/revisions"}],"predecessor-version":[{"id":167,"href":"https:\/\/wanzel.eu\/index.php?rest_route=\/wp\/v2\/pages\/111\/revisions\/167"}],"wp:attachment":[{"href":"https:\/\/wanzel.eu\/index.php?rest_route=%2Fwp%2Fv2%2Fmedia&parent=111"}],"curies":[{"name":"wp","href":"https:\/\/api.w.org\/{rel}","templated":true}]}}